(-1)/(-9)). Let i = t + -50. Calculate the remainder when i is divided by 10.
7
Suppose q - 5*m - 28 = 0, 2*q + m - 2 + 1 = 0. Suppose -q*u = -k - 6, -4*k + 32 = -3*u + 5*u. Let x = -9 + 20. What is the remainder when x is divided by k?
5
Let z = 55 - 51. Suppose 3*w - z*w - 417 = -5*m, 5*w = 3*m - 237. Calculate the remainder when m is divided by 29.
26
Suppose 0 = -5*n + 4*p + 43, 0*n + 3*n + p = 19. Let d(z) = z**2 + 7*z + 7. Calculate the remainder when n is divided by d(-6).
0
Calculate the remainder when (2 - 4926/(-9))*(-93)/(-62) is divided by 69.
65
Suppose 0 = -73*n + 71*n + 228. What is the remainder when n is divided by 29?
27
Suppose 0 = -2*t - 2*p - 6, -4*p - 12 = -3*t + t. Suppose -5*z + 10*z - 25 = t. Suppose -z*a + 15 = -15. Calculate the remainder when 22 is divided by a.
4
Suppose u - 4*d = 3*u, -12 = -3*d. Calculate the remainder when 51 is divided by ((-84)/(-16))/((-3)/u).
9
Suppose -57 = -3*z - 5*n - 1, 2*z + 2*n - 40 = 0. Suppose -6*f + 8 = -z. Calculate the remainder when 9 is divided by f.
4
Let m(g) = g**2 + 7*g - 2. Let c = 195 + -181. What is the remainder when m(-10) is divided by c?
0
What is the remainder when 814 + (-5 - -13) + 3 is divided by 69?
66
Suppose -n + 48 = 5*v - 218, -5*n - 48 = -v. Calculate the remainder when 210 is divided by v.
51
Suppose -42 = -12*p + 9*p. Let u = 7 + -5. Suppose i - 5*f = 63, -3*i + u*f + 47 = -116. What is the remainder when i is divided by p?
11
Suppose -3*g = 3*v + 12, v - 4*g - 13 = 2*v. Let n be (-2)/5*v*20. Suppose -4*l - 284 = -n*l. Calculate the remainder when l is divided by 24.
23
Suppose 0 = -21*h + 199 - 73. Calculate the remainder when h is divided by 1.
0
Suppose 9 + 25 = -b. What is the remainder when 356 is divided by (-16)/40*30/8*b?
50
Let p(k) = -7*k - 15. Let f(r) = r**3 - 6*r - 8. Let b(i) = i**3 - 5*i - 7. Let j(t) = 7*b(t) - 6*f(t). Calculate the remainder when p(-7) is divided by j(2).
7
Suppose -f = -0*g - 2*g, 0 = 5*f + 3*g - 13. Suppose -f*p + 21 = -9. What is the remainder when 27 is divided by p?
12
Suppose -4*g + 4 = -k, -3*k = g + 15 - 3. Suppose -h = -g*h - 5. Suppose 6 = h*i - 0*i + 2*c, -4*c - 8 = 0. Calculate the remainder when 6 is divided by i.
0
Let q(v) = v**3 + 11*v**2 + 12*v + 6. Let p be q(-9). Suppose -c - c = -p. Calculate the remainder when 134/10 - 12/c is divided by 4.
1
Let c = 85 + 10. Let h = c + -50. What is the remainder when h is divided by 8?
5
Let r be ((-1)/(-2))/(1/8). Suppose 5*b = r*a + 23, b - 2 = -2*a - 3. Suppose 4*x - 24 = -o, b*o - x - 86 = x. What is the remainder when o is divided by 15?
13
Let l be 3 - (0/(-3))/(-1). Suppose -l = 5*f + 2. Calculate the remainder when ((f - 0) + -50)*-1 is divided by 13.
12
Suppose 158*s = 152*s + 282. Calculate the remainder when 105 is divided by s.
11
Let n = 1014 - 949. What is the remainder when 105 is divided by n?
40
Let a = -159 - -160. Suppose 0 = 3*i + 5*z - 31, -i - i + 5*z - 21 = 0. Suppose -5*c = -i - 13. Calculate the remainder when c is divided by a.
0
Let l(a) = -18*a + 1. Let x be l(-4). Suppose 4*o = 4*n + 145 + 11, -n - x = -2*o. Let p = 38 - 20. Calculate the remainder when o is divided by p.
16
What is the remainder when (-402)/(-6) + -6*(-1 + 2) is divided by 18?
7
Suppose 0 = -10*m + 40*m - 3720. Calculate the remainder when m is divided by 38.
10
Suppose 6*a - 63 = 5*a. Let j be (-338)/(-8) + a/84. Let m = -24 + j. What is the remainder when 72 is divided by m?
15
Let m(c) = 3*c - 29. Calculate the remainder when m(13) is divided by 6.
4
Let x(b) = -3*b**2 - 82*b - 15. What is the remainder when x(-17) is divided by 19?
18
Let n(k) = -14*k - 286. Calculate the remainder when n(-43) is divided by 14.
8
Let k(o) = 2*o**2 + 17*o - 86. Calculate the remainder when k(7) is divided by 17.
12
Let q(h) = 2*h**2 + 5*h - 1. Calculate the remainder when 603 is divided by q(6).
98
Suppose 41 = -3*x + 116. Suppose -3*n + 370 = 2*u, -8*u + 620 = 5*n - 3*u. What is the remainder when n is divided by x?
22
Let y(w) be the second derivative of -11*w**3/2 + 9*w. What is the remainder when y(-3) is divided by 17?
14
Let t(r) = 3*r**3 - r**2 - r - 1. Let p(f) = f**3 + 21*f**2 - 21*f + 27. What is the remainder when t(2) is divided by p(-22)?
2
Let j be 2 - 1/(-1)*(-5 - -24). What is the remainder when 67 is divided by 30/(-4)*(-98)/j?
32
Let p(x) = -x**3 + 10*x**2 - 6*x - 18. Calculate the remainder when 105 is divided by p(3).
24
Suppose m - q + 7 = -5*q, -4*q = 2*m + 6. Suppose -4*i - u = -112, i + 3*u + 70 = 3*i. Suppose -i*z = -33*z + 12. What is the remainder when z is divided by m?
0
Let y = -212 + 223. Calculate the remainder when 21 is divided by y.
10
Let h = 42 + -40. Suppose l - q - 64 = h*q, -4*l = -q - 201. Calculate the remainder when l is divided by 5.
4
Suppose 2*r = 6*r - 724. Let i = -118 + r. Suppose -4*v + i + 93 = 0. What is the remainder when v is divided by 10?
9
Suppose 0 = -4*k + 17 + 3, 0 = -5*r + 2*k + 5. Suppose r = -4*a - 5, 3*s = a + 158. What is the remainder when s is divided by 27?
25
Suppose 90*w = 95*w - 85. Let z(v) be the second derivative of 3*v**3/2 + 6*v**2 + 4*v. What is the remainder when z(6) is divided by w?
15
Let p be ((-18)/(-27))/(2/36). Suppose 4*u - p = 5*u. Let m = 19 - u. What is the remainder when m is divided by 17?
14
Suppose -4 = -4*t - 0, -3*t = 5*w - 293. Let u(o) = -41*o + 871. Calculate the remainder when w is divided by u(21).
8
Suppose -r + 778 = 3*s, 2*s + 0*s - 3*r = 526. What is the remainder when s is divided by 11?
7
Let x(y) = -6*y - 31. Let b be x(-6). Suppose -b + 173 = i. What is the remainder when i is divided by 19?
16
Let r = -66 + 74. Suppose 4*l - 2*b - 13 = -3*b, -3*b - 17 = -2*l. Let s(t) = 5*t + 2. Calculate the remainder when s(l) is divided by r.
6
What is the remainder when 425 is divided by 43 + -33 - (-4 + -29)?
38
Let n(f) = -12*f - 4 - 3 + 11*f - f**3. Calculate the remainder when 38 is divided by n(-3).
15
Let i(t) = t**3 - 20*t**2 + 3*t - 47. Suppose 2*b = 5*b - 69. Calculate the remainder when b is divided by i(20).
10
What is the remainder when (-2)/(7 - (-615)/(-87)) is divided by 15?
14
Let j = -3 - -7. Suppose -3*o - 5*s + 36 = 0, -j*s = -2*o - 0*s + 46. Calculate the remainder when o is divided by 7.
3
Suppose -28*n - 22*n = -650. What is the remainder when 324 is divided by n?
12
Let m = 5 - -1. Let p = -3 + m. Suppose -12*w + 2*w = -50. Calculate the remainder when w is divided by p.
2
Let b = -207 - 35. Let k = b - -343. What is the remainder when k is divided by (-13)/3*(-12)/2?
23
Let t = -303 + 618. Calculate the remainder when t is divided by 17.
9
Let q be 3 + 3/((-3)/2). Let u be (-6)/4*(-30)/q. Suppose 3*t - 8*t = -u. Calculate the remainder when t is divided by 4.
1
Let t(d) be the first derivative of -d**2 + 32*d + 2. What is the remainder when t(-5) is divided by 5?
2
What is the remainder when 86 is divided by -8 + (16 - (-1 - -2))?
2
Suppose 0 = 27*p - 2030 - 589. What is the remainder when p is divided by 39?
19
Suppose 0 = 398*o - 397*o - 17. What is the remainder when 308 is divided by o?
2
Let m = 12 + -12. Suppose -189 = -2*g + 3*s, -3*g + 287 = -m*g - s. Suppose 10*p - g = 6*p. Calculate the remainder when p is divided by 9.
6
Let t be -18 - -26 - (1 - -1). Let u = 9 + t. Suppose 3*w = -3*m + 108, -w + 3*w + 6 = 0. Calculate the remainder when m is divided by u.
9
Let j be 4/12 - 8/(-3). Suppose -c = 3*d - 8*d + 125, j*c + 87 = 3*d. Suppose 0 = 2*l - d - 10. What is the remainder when 48 is divided by l?
14
Let a(b) = -b**2 + 28*b - 32. Let j be a(23). Let f = 101 - j. Calculate the remainder when 51 is divided by f.
15
Let r = -112 - -148. Calculate the remainder when 249 is divided by r.
33
Let a(p) = -p**3 - 5*p**2 + 21*p - 11. Let l(b) = -b**2 + 23. What is the remainder when l(0) is divided by a(-8)?
10
Suppose 0 = -5*h - 25 + 5. Let p(v) = v**2 - 6*v - 8. Let b be p(h). Let d = b + -18. Calculate the remainder when 67 is divided by d.
11
Suppose -f = 4*s - 608, 5*s = -0*s + 2*f + 760. Calculate the remainder when s is divided by 14.
12
Let v = -35 - -34. Let g(b) = -6*b - 2. What is the remainder when g(v) is divided by 3?
1
Suppose -462 - 6 = -6*a. Suppose 0 = 8*g - 11*g + a. Calculate the remainder when 101 is divided by g.
23
Let c be 28/(-1) + (8 